 - r + 12. Determine m(s).
-8
Let b(r) = -r**2 - 14*r - 40. Let g be b(-10). Let i(l) = l**2 - l - 6. What is i(g)?
-6
Suppose 5*g - 39 = -8*g. Let n(q) = -q**3 + 3*q**2 - 2*q + 3. What is n(g)?
-3
Let q(x) = x**3 + 2*x - 1. Let l(w) = 3*w**3 - w**2 + 5*w - 4. Let g(c) = -l(c) + 2*q(c). Give g(0).
2
Suppose 2*b = -b - q + 1, -3 = 2*b - 3*q. Let v(m) be the second derivative of -m**3/6 + 17*m**2/2 - 2*m + 189. What is v(b)?
17
Let w(a) = a**3 - 5*a**2 + a + 2. Suppose -10 = -125*g + 124*g. Suppose -47*r + 49*r - g = 0. Determine w(r).
7
Let y be (-8)/6 - 150/(-45). Let v(g) = -2 - g**y + 7*g - g**2 - 6 + 3. What is v(4)?
-9
Let o(w) be the second derivative of -11*w**5/20 + w**4/12 + w**3/6 + w**2/2 + 58*w. Give o(-1).
12
Let s(d) be the second derivative of -d**5/60 - 7*d**4/24 + 3*d**3/2 - 3*d**2/2 + 21*d. Let g(w) be the first derivative of s(w). Give g(-8).
1
Let a(h) = h**2 - 3*h + 2. Let d be 1*15*(-9)/(-27). Suppose -d - 7 = -4*t. Suppose -5*p + 5 + 7 = -t*v, -v - 11 = -4*p. What is a(p)?
2
Let w(a) = -a**2 - 10*a - 10. Suppose 3*d + c = 4*d + 8, -26 = 3*d - c. Determine w(d).
-1
Let d be (-2)/(-4) - 39/(-26). Suppose -2*a = l - d, 5*l + 4 = -3*a - 7. Let v(k) = -k**3 - 3*k**2 + 4*k + 4. Calculate v(l).
4
Let i(y) = -43*y**2 + 35*y**2 - 62*y**3 + 5 + 61*y**3 + 11*y + y. Give i(-9).
-22
Let n = 260 + -257. Suppose k + r + 0 = -3, -r - 15 = -5*k. Let g(p) = -2*p + 2 - p**2 + 2*p + k*p. Give g(n).
-1
Let b(i) = -8*i - 1. Let t be 2/1 - (-2 + 3). Let r(k) = 2. Let s(c) = -c - 1. Let q(o) = -r(o) - s(o). Let y(u) = t*b(u) - 2*q(u). What is y(1)?
-9
Let l(d) = d**2 + 5*d + 2. Suppose -2*t - 5*r = 19, -4*t - 4*r - 32 = -0*r. Let z(g) = g - 2. Let s be z(6). Let y = s + t. What is l(y)?
-4
Suppose -156*x = -152*x + 8. Let h(l) be the third derivative of l**6/120 - l**5/30 - l**4/6 - l**3/3 + 3*l**2. Give h(x).
-10
Suppose -144 = -4*n - 3*t, 4*t = 2*n + 8*t - 72. Let m = n + -44. Let o(k) = k + 8. Determine o(m).
0
Let h(c) be the first derivative of -c**4/12 - c**3/2 + c**2/2 - c + 1. Let s(j) be the first derivative of h(j). Suppose -6*r = 9 + 15. Determine s(r).
-3
Suppose 3*p + 4*w = 35, 2*p + 5*w = 42 - 7. Let q(i) = -i**2 - 11*i + 30. Let y be q(-13). Let r(h) = 8*h - p*h - 4 - y*h. Give r(-5).
1
Let n(i) = -i**2 + 4*i + 1. Let l = -37 + 65. Let z be (l/(-49))/(8/(-28)). Give n(z).
5
Let d(u) = -2 + 4 + 3*u - 2 + 1. Suppose 0 = 5*h + 10, -n + 8 = -4*h - 1. Let o be n + 2 + (-6 - -6). Determine d(o).
10
Suppose 0 = 3*m - 2*h - 0 - 2, 0 = -5*m - h + 25. Let c = 30 - -9. Let j(k) = -c*k**3 + 19*k**3 - 5 + 4*k - 5*k**2 + 21*k**3. Give j(m).
-5
Suppose 3*r + h = 55, -2*h + 0*h = -3*r + 70. Let s = 17 - r. Let b(u) be the third derivative of -u**6/120 - u**5/15 - u**4/8 + 2*u**3/3 - 2*u**2. Give b(s).
4
Let o(f) = -3*f**2 + 0*f**2 - 7*f**2 + 146 - 147 + 2*f**2. Give o(-1).
-9
Let t(o) = -4*o**3 + 5*o**3 + 6*o**2 - 29 + 15 - 2*o. What is t(-6)?
-2
Let j(f) = -5*f - 3. Let q = -230 + 228. Calculate j(q).
7
Let q(d) = d**3 - d. Let k(g) = 2*g**3 - 8*g**2 + 6*g + 4. Let n(u) = k(u) - q(u). Calculate n(7).
4
Let w(v) = v**3 + 2*v**2 - v + 1. Let a(b) = b**2 + b - 1. Let s(j) = 6*a(j) - w(j). Calculate s(5).
3
Let k(i) = -i - 11 + 2 + 0*i. Let c(v) = 2*v**2 + 21*v + 45. Let d be c(-7). Give k(d).
-5
Let l(d) be the third derivative of 0 + 0*d - 1/120*d**6 + d**2 - 1/10*d**5 - 1/6*d**3 + 0*d**4. Calculate l(-6).
-1
Let j(i) = -i + 4. Suppose -4*h = 3*l - 25, -15*l + 14*l = 2*h - 7. Give j(l).
-7
Let v(s) = -s**3 + 6*s**2 + 6*s - 5. Let d be v(6). Let l = 20 - d. Let o = l + 12. Let h(b) = -5*b - 1. Give h(o).
-6
Let r(q) = q**3 - 4*q**2 - 7*q + 12. Let l(v) = 11*v + 60. Let x be l(-5). Calculate r(x).
2
Let m(a) = a**3 - a. Suppose 3*x - 24 = 3*f, -3*f = -8*f + 10. Let v(z) = -9*z + 92. Let r be v(x). What is m(r)?
6
Suppose 2*s + 0 = -10, 0 = 4*v - s - 145. Suppose -v = 4*c + 1. Let j be 9/c*(6 - 1). Let t(x) = -x**2 - 3*x + 7. Give t(j).
-3
Let w(s) = -1 - 4*s - 3 + 5*s. Suppose 15*g - 2*g = 0. Suppose g = 5*j - 4*c - 50, 2*j - 18 - 9 = 3*c. Determine w(j).
2
Let o(b) be the third derivative of b**4/24 + b**3/3 + 11*b**2. Let q(t) = -t + 1. Let j(v) = -o(v) - 2*q(v). What is j(4)?
0
Let c(l) = 15*l**3 + l - 1. Let g be (-63)/(-24) - 3 - (-66)/48. What is c(g)?
15
Let a(m) be the second derivative of -m**6/180 + m**5/40 - m**4/4 + 2*m. Let d(b) be the third derivative of a(b). Let y = -5 + 8. Determine d(y).
-9
Let o(i) be the third derivative of -31*i**2 + 0*i**3 + 2/15*i**5 - 3/8*i**4 + 1/120*i**6 + 0*i + 0. What is o(-9)?
0
Let k(g) = g**2 + 9*g + 13. Suppose -5*x - 3*t = 42, 0 = 3*x + 18*t - 22*t + 31. Give k(x).
13
Let b(u) = -u**2 + 8*u + 3. Let n be (-4)/16*38*-2. Let g = 26 - n. What is b(g)?
10
Let h(n) = 6*n**3 + 30*n**2 + 30*n + 20. Let c(k) = 5*k + 15*k**2 + k - 9*k**2 + k**3 + 7 - 3. Let u(a) = -11*c(a) + 2*h(a). Give u(7).
3
Let n be (2/6)/1*(-246)/(-328). Let f(j) be the second derivative of 0 + 1/6*j**3 - n*j**4 - 1/2*j**2 - 4*j + 1/20*j**5. Give f(2).
-3
Suppose 6*l - 3*l - 55 = -5*f, -5*f = -25. Suppose 3*y + 5 = -l. Let x(h) be the third derivative of h**4/24 - h**3/6 - h**2. Determine x(y).
-6
Let o(m) = m**3 - 9*m**2 - 3*m + 10. Suppose 0 = -3*q + 2*j + 24 - 1, -5 = -q + 2*j. Give o(q).
-17
Let s(d) = -3*d - 8. Let w = 82 + -67. Let r be w*(-3)/6 + (-3)/(-6). What is s(r)?
13
Let p(t) = -5*t + 27. Let o be p(7). Let l(b) = b**3 + 7*b**2 - 9*b + 1. What is l(o)?
9
Let i(a) = 3 + 100*a**2 + 3*a - 90*a**2 + 0*a - a. What is i(-2)?
39
Suppose 0 = -6*q + 2 + 58. Let p be 0/(36/(-15) + q/25). Let o(t) = -t + 6. What is o(p)?
6
Suppose 5*a - 4*t = 5, 3*a + t = -3*t + 35. Let x(c) = c - 5. Let m be x(a). Let k = m + 1. Let n(g) = 12*g - 1. Calculate n(k).
11
Let r(a) = a**2 + 6*a - 1. Let m be r(-6). Let n(s) = 10*s**3 - 96188*s + 48093*s + 48096*s. Calculate n(m).
-11
Let g(l) = 3*l**2 + 2*l - 4. Let d be g(3). Let u = d - 31. Let i(b) be the second derivative of -b**5/20 + b**4/12 + b**3/3 + b**2 + 2*b. Determine i(u).
10
Let m(o) = o**3 + 2*o**2 + 4. Let u be m(-3). Let b(w) = w**3 + 6*w**2 + 9*w + 8. What is b(u)?
-12
Suppose 4*a + 4 = 16. Suppose 12 = a*w - 0*w. Let u(g) = g**2 - g - 8. Let x be u(w). Let j(v) = v**3 - 3*v**2 - 2*v + 2. Determine j(x).
10
Let q(w) = -5*w**2 - 14*w - 15. Let g(z) = 9*z**2 + 26*z + 29. Let p(h) = -6*g(h) - 11*q(h). Determine p(4).
-1
Let h(p) = 80*p + 5 - 3 - 81*p. What is h(0)?
2
Let i(y) be the first derivative of -y**3/3 + 4*y**2 - 9*y + 88. Determine i(6).
3
Let u(c) be the first derivative of -c**4/4 + 13*c**3/3 + c**2/2 - 15*c - 219. Give u(13).
-2
Let i(r) = r**3 + 8*r**2 - 2*r - 9. Let n = 180 + -188. Determine i(n).
7
Let s be -2 - (8 - -2) - -19. Let o(k) = -k**2 + 10*k - 1. Calculate o(s).
20
Let p(v) = -v + 13. Suppose -3*k + 0*b = -5*b + 30, 0 = -2*k - b - 20. Suppose 170*u = 150*u + 500. Let w be ((-32)/10)/(k/u). Give p(w).
5
Let d(c) = -7*c - 5. Let w(j) = 10*j + 7. Let m(q) = 7*d(q) + 5*w(q). Suppose -4*h + 8*h - 8 = 3*a, 5*a + 2*h - 30 = 0. Determine m(a).
4
Suppose 2*w + 2*w = o + 9, -7 = -w + 5*o. Let g(p) = 9*p**2 + 2*p + 1. Give g(w).
41
Suppose -2*t - 5*q + 35 = 0, -10 = -3*t - 4*q + 25. Let z(d) be the first derivative of -d**3/3 + 2*d**2 + 7*d - 1231. What is z(t)?
2
Let l(n) = -n**2 + 6*n - 3. Let d(a) = -2*a - 12. Let o be d(-6). Suppose 2*u + 2*u - 8 = o. Calculate l(u).
5
Let g(i) = i**2 - 3. Let k be g(3). Let r(a) be the third derivative of -a**5/60 + 7*a**4/24 - a**3/3 - a**2. Calculate r(k).
4
Let k(q) be the second derivative of -q**4/12 - q**3/6 - q**2/2 + 76*q. Calculate k(-1).
-1
Let w(o) = 3*o - 11. Let r be w(2). Let b(s) = -s**3 - 7*s**2 - 6*s + 4. What is b(r)?
-16
Let v be ((-40)/(-24))/((-4)/(-12)). Let o(t) = t**3 - 6*t**2 + 3*t + 2. Calculate o(v).
-8
Let z(t) = -5*t**3 - 13*t**2 + 10*t + 26. Let a(p) = 0*p**3 + 0*p**3 + 17 - 9*p**2 - p**3 - 2*p**3 + 7*p. Let r(d) = 8*a(d) - 5*z(d). Calculate r(5).
-14
Let v(x) = 0 + 237*x + 20 - 238*x. Calculate v(13).
7
Let n(i) = -i**3 + 7*i**2 - 4*i + 10. Let b = -56 - -63. Give n(b).
-18
Let m(u) = 22*u - 7. Let y(c) = 26*c - 9. Let h(p) = 7*m(p) - 6*y(p). Determine h(5).
-5
Let l(z) = -4*z - 8 - 6*z - 470*z**2 + 235*z**2 + 237*z**2. What is l(6)?
4
Let v(u) = -u - 5. Suppose 0 = -5*x + 6*x - 8. Suppose -x*i + 42 = 